be (-8)/(-14) + 3336/(-7). Let u be (24/(-14))/((-8)/m). Let o = 40 - u. Is o a prime number?
False
Let r(f) = f**2 - 2*f - 8. Let n be r(6). Let l = n + -13. Suppose -4*w + w - 7011 = -3*s, 2*s - l*w = 4678. Is s prime?
True
Let z(w) = 24*w**2 + 28*w + 7. Is z(22) prime?
True
Suppose 5*o = r + 38 + 8, o - 5*r = 14. Let v(d) = 8*d**2 - 2*d - 8. Is v(o) a composite number?
True
Let g be (2/(-3))/(14/(-21)). Is (g/3)/((-5)/(-11235)) composite?
True
Suppose -5 = -4*f - 1, 0 = 3*a + f - 58. Let i = 21 - a. Suppose -41 = -i*s + 29. Is s a composite number?
True
Let r(x) = 4*x + 0*x - 2*x + 1 - x. Let c be r(6). Suppose 805 = -c*a + 12*a. Is a prime?
False
Suppose -2*u - 10 = -x + 3*x, 5*u = -4*x - 22. Let h(l) = 98*l**2 - 5*l + 4. Let o be h(x). Let y = o - 62. Is y a composite number?
False
Suppose -197 = -c - l, 0 = 3*c - 5*l - 192 - 431. Suppose -672 = -3*k + c. Is k a prime number?
False
Let g(w) = -20*w**2 - 4*w + 4. Let l(n) = 20*n**2 + 4*n - 5. Let j(k) = -4*g(k) - 3*l(k). Is j(3) a composite number?
False
Let y(t) = 88*t - 3. Suppose -j - 9 - 20 = 0. Let i = 34 + j. Is y(i) prime?
False
Suppose 3*t = 4*d + 5166 + 3899, 3011 = t - 4*d. Is t a prime number?
False
Suppose 3*p - 6*p - 2*t = -335635, -5*t = 2*p - 223764. Is p composite?
True
Let f = -86 + 90. Suppose 12*m = -f*q + 7*m + 3600, 4*m = -4*q + 3604. Is q a composite number?
True
Let k(a) = a - 5. Let p be k(8). Suppose -572 - 265 = -4*d + p*g, 3*d - 2*g = 629. Suppose -w - 667 = -3*j, j + 2*w - d = 7*w. Is j a composite number?
False
Let r(u) = -3*u**3 - u**2 + 15*u + 15. Let h be r(-9). Is ((-6)/18)/((-2)/h) a composite number?
False
Suppose 0 = 18*p - 12*p + 2274. Let h = p - -656. Is h composite?
False
Let a(w) = w**3 + 28*w**2 + 94*w + 5. Is a(-12) a composite number?
False
Suppose 0 = 721*c - 715*c - 9354. Is c composite?
False
Let n = -1842 + 14555. Is n a prime number?
True
Suppose 5*x = 4*u + 8293, -15*x + 17*x = 3*u + 3320. Is x prime?
True
Let f(t) = 6*t + 21. Let c be f(11). Suppose 2*l = 5*v + 19 - c, l - 43 = -3*v. Is v composite?
True
Let q = 49949 + -26740. Is q composite?
False
Suppose 6*o - 8 = -44. Let s = 18 + -12. Is o*((-75)/s + 3) a prime number?
False
Let p(y) be the third derivative of -y**4/6 + 5*y**3/6 + y**2. Suppose 5*v + 9 = -3*s, -37 = 5*s - 0*s + v. Is p(s) a composite number?
False
Let t(k) = -k**3 + 50*k**2 - 10*k - 64. Is t(49) prime?
True
Let u = 11724 + 52205. Is u a prime number?
True
Let g(x) = -x**3 - 4*x**2 - 3*x. Let c be g(-3). Let d = -3 + 4. Is (11 - -42)/(d + c) a composite number?
False
Let i(t) = -34*t + 12. Let r be i(-20). Suppose 0 = 3*b + 3, -q + 5*b = -2*q + r. Is q composite?
True
Let v(h) = 3*h**3 + 2*h**2 + 2*h - 3. Let y(m) = -m**3 - m**2 - m + 1. Let n(w) = v(w) + 4*y(w). Let q be n(-4). Let k = q - -86. Is k composite?
False
Let w(p) = p**3 + 13*p**2 + 10*p - 17. Let v be w(-12). Suppose -4*q + v*q - 213 = 0. Is q prime?
True
Let v = -1756 - -4587. Is v a prime number?
False
Let b(a) = 0*a**2 + 1 - 4*a**2 + 9 + a**2. Let n(j) = 2*j**2 + j - 10. Let h(d) = -3*b(d) - 4*n(d). Is h(4) a composite number?
True
Let t(a) = 539*a**3 - 4*a**2 + 28. Is t(3) a prime number?
False
Let c(o) = -6*o**2 - o. Let x(k) = -13*k**2 - 2*k - 1. Let v be ((-6)/3)/((-2)/(-9)). Let m(r) = v*c(r) + 4*x(r). Is m(-9) a prime number?
True
Is 3/(-6)*-76 - 5/1 composite?
True
Suppose h - 3*z = -2*h + 321, -3*z - 433 = -4*h. Let o(v) = -6*v**2 - 4*v + 3. Let t be o(2). Let n = h - t. Is n a composite number?
True
Let c(d) = d**3 + 3*d**2 - 5*d + 1. Let j be c(-4). Suppose -4*n = 2*r + 11 + 21, -26 = n + j*r. Is (16 - n) + (-3 - 0) prime?
True
Suppose 5*g + 9 = 59. Let w = g + -2. Is 672/10 - w/40 composite?
False
Let s(i) = 95*i + 2. Let t be s(-3). Let m = 201 + t. Let c = -11 - m. Is c a prime number?
True
Suppose -5*s + 16 = -4*s. Let r(a) = -a**2 + 24*a - 19. Let f be r(s). Is 1 + (1 - 0) + f composite?
True
Is -1 + 0 + -24 + 4994 a composite number?
False
Suppose -d - 5563 = 4*q, -3*d - 546 = q + 842. Let k = q - -3192. Is k a composite number?
False
Suppose -4*p - 3*m = -2*m + 39, -3*p - 3*m - 27 = 0. Is 5/p*(0 + -762) a prime number?
False
Suppose 28 = -7*x, -x = -4*h + 25291 + 9677. Is h composite?
False
Let p(z) = 11 + 6*z**3 + 15*z + 17*z**2 - 3 - 5*z**3. Let w = -106 + 91. Is p(w) composite?
False
Let c(j) = j**3 + 14*j**2 - 16*j + 13. Is c(14) prime?
False
Is (-495)/60*56/(-6) prime?
False
Let s(t) = 1745*t**2 + t + 2. Let d be s(-3). Suppose -12*p = -4*p - d. Is p composite?
True
Let h = 14460 + -22449. Let f = h - -12038. Is f prime?
True
Let f(p) = -p**3 + 2*p + 104. Let i be f(0). Let t = 253 - i. Is t a prime number?
True
Suppose -10*v = -6*v - 51796. Is v a prime number?
False
Suppose -19770 = -7*n + 22097. Is n composite?
False
Let j(f) = -18*f**3 + f**2 - 9*f - 6. Let l be j(-6). Suppose -4*r - l + 12184 = 0. Is r prime?
True
Suppose -10 = 5*c - 0. Is (-3)/12*c + 3065/10 composite?
False
Let m be (64/4)/4 - 2. Suppose -170 = -5*j + 3*r, m*j - 3*r - 64 = -r. Is j a composite number?
False
Suppose g - 3*y = 3439, 3*g - 2*y = 2*y + 10332. Let o = g - 1827. Is o composite?
False
Suppose 0 = 27*y - 8*y - 3282839. Is y a composite number?
True
Suppose 0 = 4*l + 2*k - 10630, 3*l + 8*k - 6*k - 7973 = 0. Is l prime?
True
Suppose 46*r - 49*r + 699 = 0. Is r*-4*5/(-20) a prime number?
True
Let o(h) = 526*h - 1. Let r be o(-1). Suppose 0*d + 673 = -2*w + d, -3*w - 2*d = 1006. Let x = w - r. Is x a composite number?
False
Let m = -33090 + 119537. Is m a composite number?
True
Let q(v) = -v + 1. Let c be q(9). Let a = -4 - c. Suppose -h + 670 = a*h. Is h prime?
False
Suppose 3*r - 9 = -0. Let t(p) = -2*p - 4*p - r*p + 2*p**2 + 9. Is t(10) composite?
True
Suppose -3*g + 5*w = -45917, -15*w + 15287 = g - 12*w. Is g a prime number?
True
Suppose 4*b = -25779 + 64535. Is b a composite number?
False
Let y(a) = a**2 + 24*a + 17. Let l be y(-27). Let t(n) = -2*n**2 + n - 1. Let g be t(1). Is 3/(6/l) - g composite?
True
Let g(h) = 5*h**2 - 2*h + 5. Let q be g(0). Suppose q*s - 10130 = 4505. Is s composite?
False
Let g be 9/2 + 2/(-4). Suppose 6*p - 530 = g*p. Is p a composite number?
True
Let c(s) = 143*s**2 - 38*s + 10. Is c(-13) prime?
True
Let p = 131 - -17. Let b(q) = 150*q + 4. Let n be b(2). Suppose 4*k = n + p. Is k composite?
False
Let u = 353 - -27. Let r = u - 201. Is r prime?
True
Let x(f) = 33*f**3 - 6*f**2 + 5*f - 5. Is x(4) a prime number?
False
Let y(n) = 8*n**3 - n**2 + 2*n + 2. Suppose b = -0*b + 4*z - 9, 10 = 5*z. Let w be 16/(-16) + (3 - b). Is y(w) a prime number?
False
Suppose z + 5*j - 67 = 0, 0 = -4*z + z - 2*j + 253. Let a = z - -470. Is a a prime number?
True
Let w = -10 + 12. Suppose -w*d = 3*d + 2*i - 2341, -943 = -2*d - 3*i. Is d a prime number?
True
Suppose -35 = 4*a - 11. Let y(l) = l**3 + 7*l**2 + 6*l - 4. Let c be y(a). Let d(i) = -12*i + 3. Is d(c) composite?
True
Let b(v) = v - 8. Let l be b(6). Is ((-59)/l)/(2/12) composite?
True
Let c = -39 - -40. Is 2/(8/1324) - c - -1 prime?
True
Let k = 44 - 53. Let g(y) = -46*y - 1. Is g(k) a prime number?
False
Suppose 0 = -3*t - 2*t + 20635. Is t prime?
True
Suppose 4*q - 6*q + 3274 = 0. Is q a prime number?
True
Let k be 4/(-4) + -1 + -1. Let a be 1/(-1)*k*150. Suppose 5*c = -5*d - 0*d + a, -5*c + 3*d = -458. Is c a composite number?
True
Suppose 29110 + 122 = 2*f + 2*o, -43855 = -3*f + 4*o. Is f prime?
False
Suppose 5*w + 4*r - 11569 = 2*w, -w = -2*r - 3873. Is w prime?
True
Let r = 6 + -9. Let u be (5/15)/(r/(-3825)). Suppose y = n - 161, -5*n + 356 = 3*y - u. Is n a composite number?
True
Let p(j) = 2907*j**2 - 21*j - 37. Is p(-2) a composite number?
False
Suppose 0 = b + 2*n - 2, 0*b + 3 = 3*b + 3*n. Let j(k) = k**2 + 15*k - 32. Let v be j(-17). Suppose 4*c - v*c - 586 = b. Is c prime?
True
Let t(c) = c**3 - 2*c. Let v be t(2). Suppose 1088 = v*l - 36. Let w = -82 + l. Is w a composite number?
False
Let j(l) = -l**2 - l - 4. Let w be j(-3). Let v = w + 14. Suppose 4*s + 4*q = 2568, v*s - 5*q = -q + 2560. Is s composite?
False
Let p = -23 + 23. Suppose p = 5*y - 2 - 8. Suppose 5*f - 1022 = -2*q, -y*f - 11 = -3. Is q prime?
True
Suppose -3*y + 15 = -12. Suppose -3*r + y = -4*l, 0*l - r + 3 = -2*l. Is 2*(l + 457/2) a prime number?
True
Suppose x = 2*x - 2. Suppose -x*s + 970 = c,